 is -5 + 3276?
3271
In base 9, what is -3422 - -3?
-3418
In base 5, what is 0 + -40?
-40
In base 13, what is -1c8 - 0?
-1c8
In base 3, what is 1021020 + 12?
1021102
In base 11, what is 24a - -3?
252
In base 7, what is 36 - 3?
33
In base 5, what is -210 - -224?
14
In base 4, what is -2 - -13003?
13001
In base 15, what is 106 - -3?
109
In base 11, what is 1 + 46?
47
In base 12, what is 3349 + -3?
3346
In base 8, what is -15 - -26?
11
In base 13, what is 1 + -b20?
-b1c
In base 3, what is -22200002 + -12?
-22200021
In base 5, what is -4 - -312?
303
In base 12, what is -338 - 0?
-338
In base 12, what is -5 + -57?
-60
In base 9, what is -1 - -53?
52
In base 4, what is 10 + 33321?
33331
In base 15, what is -d + -17?
-25
In base 9, what is 5 + 483?
488
In base 8, what is 10 - -42?
52
In base 10, what is -3 + -269?
-272
In base 7, what is -313 - 13?
-326
In base 9, what is 38 - -704?
743
In base 8, what is -5 - 50?
-55
In base 2, what is 10100111 + 1?
10101000
In base 11, what is -7 + 286?
27a
In base 15, what is -1 - -b?
a
In base 16, what is 58 - -a?
62
In base 16, what is 27c + -3?
279
In base 3, what is 2221 + 201?
10122
In base 4, what is 30 + -11?
13
In base 7, what is 364 + -2?
362
In base 3, what is -10 - 110110?
-110120
In base 10, what is -83 - 6?
-89
In base 14, what is -4 - -14?
10
In base 9, what is -2 + -138?
-141
In base 6, what is 10202 - -2?
10204
In base 2, what is -1101 - 1001?
-10110
In base 13, what is 2c + 2a3?
302
In base 12, what is 1 + -136?
-135
In base 12, what is -10 + 37?
27
In base 6, what is -4 + -10233?
-10241
In base 10, what is -5 + -2666?
-2671
In base 16, what is -3 - 3a7?
-3aa
In base 7, what is -3 - -1352?
1346
In base 5, what is -2 + 11014?
11012
In base 7, what is 5 - 12?
-4
In base 12, what is 57 - 19?
3a
In base 13, what is -513 + -2?
-515
In base 9, what is -35 + -6?
-42
In base 6, what is -5 + -2?
-11
In base 9, what is 4 - 42?
-37
In base 9, what is -6 + 21?
14
In base 7, what is -32250 - 5?
-32255
In base 10, what is 2 + -62?
-60
In base 5, what is 221 + 0?
221
In base 8, what is 0 - 415?
-415
In base 15, what is -15d - 3?
-161
In base 11, what is 333 - 0?
333
In base 11, what is -80 - 9?
-89
In base 5, what is 41132 + -4?
41123
In base 10, what is 4 - 151?
-147
In base 5, what is -4 + -204?
-213
In base 16, what is 1cd4 + -4?
1cd0
In base 7, what is 4 + -3?
1
In base 13, what is -2 - 28?
-2a
In base 2, what is 101000 - 101?
100011
In base 3, what is 12 - 112102?
-112020
In base 10, what is -4 + 1180?
1176
In base 13, what is -26 - 9?
-32
In base 14, what is 2154 + -4?
2150
In base 7, what is -3 + 5210?
5204
In base 15, what is 0 - 83?
-83
In base 6, what is 12 - -11455?
11511
In base 13, what is -2 - 832?
-834
In base 13, what is -74 - -14?
-60
In base 4, what is -12 + -110031?
-110103
In base 10, what is 0 - -1257?
1257
In base 2, what is -11 + -10011?
-10110
In base 9, what is -5730 + 2?
-5727
In base 4, what is -21 + 21?
0
In base 16, what is 2 + 2b9?
2bb
In base 7, what is -6646 - 3?
-6652
In base 8, what is -1240 + 5?
-1233
In base 13, what is -1 - -11?
10
In base 3, what is 10120 - -122?
11012
In base 5, what is -10 - -124?
114
In base 10, what is -4 + 330?
326
In base 16, what is 1 - 2e9?
-2e8
In base 13, what is 1c + -9?
13
In base 12, what is -1 - 115?
-116
In base 9, what is 0 + 63?
63
In base 6, what is 23 - 20214?
-20151
In base 6, what is -2 - -33535?
33533
In base 10, what is 10 - 8?
2
In base 11, what is -940 + 4?
-937
In base 9, what is 3605 - 0?
3605
In base 10, what is 12 - -2438?
2450
In base 2, what is 11 - 100010010?
-100001111
In base 15, what is a9 - 4?
a5
In base 2, what is 11000001010 - -101?
11000001111
In base 9, what is -15540 - 5?
-15545
In base 12, what is 5 - 262a?
-2625
In base 6, what is -5455 + 1?
-5454
In base 5, what is 114 + -1?
113
In base 9, what is 434 + 0?
434
In base 4, what is 22313 - -1?
22320
In base 12, what is -238 - 0?
-238
In base 16, what is 27 + 30?
57
In base 4, what is 2 + 1111?
1113
In base 16, what is -2 - fa?
-fc
In base 8, what is -1 - -150?
147
In base 6, what is 12553 - 0?
12553
In base 5, what is -11 + -1422?
-1433
In base 4, what is -32 + -201?
-233
In base 11, what is -69 - -2?
-67
In base 13, what is -126a - 2?
-126c
In base 4, what is 3031 + -10?
3021
In base 4, what is -13 + -30?
-103
In base 2, what is 101 - -1011?
10000
In base 13, what is 0 - a6?
-a6
In base 16, what is 1 + -a0?
-9f
In base 4, what is -3021 - -1?
-3020
In base 13, what is -70 - 53?
-c3
In base 2, what is 0 + 10010?
10010
In base 11, what is -4 + 6?
2
In base 11, what is -43 - 2?
-45
In base 13, what is -1 - -21?
20
In base 6, what is -4 - 2311?
-2315
In base 10, what is 310 - -1?
311
In base 4, what is 23313 - 0?
23313
In base 8, what is 3 + 462?
465
In base 11, what is 142 - 1?
141
In base 2, what is 1001110110 + 11?
1001111001
In base 5, what is 43 - -434?
1032
In base 2, what is 1111 - -100?
10011
In base 11, what is 3a9 - 1?
3a8
In base 15, what is -5 + 9d?
98
In base 12, what is -2 - 7?
-9
In base 10, what is 40 + -8?
32
In base 8, what is 30164 - 2?
30162
In base 11, what is 1864 + 0?
1864
In base 2, what is -1100 - 11111010?
-100000110
In base 5, what is 21143 - 2?
21141
In base 7, what is -6 - 30?
-36
In base 6, what is 53 - 124?
-31
In base 9, what is 5 + 2547?
2553
In base 14, what is -50 + -26?
-76
In base 15, what is b + -31?
-25
In base 9, what is -251 - -2?
-248
In base 3, what is -10 + 2202?
2122
In base 11, what is 5 - -96?
a0
In base 13, what is -1 - 32?
-33
In base 2, what is 1010101000 + 1?
1010101001
In base 8, what is -3435 - 0?
-3435
In base 11, what is 31788 + 0?
31788
In base 9, what is 45 - -1?
46
In base 11, what is -7 + 654?
648
In base 12, what is -82 + 277?
1b5
In base 9, what is 40 - -8?
48
In base 14, what is 7 - -19?
22
In base 6, what is 324 + 13?
341
In base 3, what is 2 + -2200?
-2121
In base 9, what is 155 + -153?
2
In base 6, what is 5 + 11403?
11412
In base 10, what is -161 + 0?
-161
In base 16, what is 4 + 3d?
41
In base 11, what is 93a - 2?
938
In base 14, what is 4c - 8?
44
In base 15, what is -a + -3?
-d
In base 13, what is -9 + -8?
-14
In base 8, what is -1 - 2?
-3
In base 12, what is 1206 - -1?
1207
In base 4, what is 2 - 121010?
-121002
In base 12, what is 38 + 0?
38
In base 10, what is 4 - -76?
80
In base 15, what is -d + -3c0?
-3cd
In base 16, what is -45 + 1?
-44
In base 3, what is -1000 - -20011?
12011
In base 10, what is -1754 + 1?
-1753
In base 6, what is -31 + 0?
-31
In base 11, what is -85 + -1?
-86
In base 12, what is 5 + 1a90?
1a95
In base 11, what is -5 + 34?
2a
In base 8, what is -6 - 1?
-7
In base 7, what is -55042 - -5?
-55034
In base 16, what is 14 + -b?
9
In base 11, what is a + -5?
5
In base 6, what is 3 - -301?
304
In base 5, what is -102 + 33?
-14
In base 13, what is 61ca + -3?
61c7
In base 9, what is -530 - -3?
-526
In base 14, what is 3 - 1ab5?
-1ab2
In base 8, what is -640 - -2?
-636
In base 11, what is -17a - 4?
-183
In base 3, what is 12 + 10102112?
10102201
In base 15, what is 1 + 216?
217
In base 12, what is 12 + -7?
7
In base 12, what is -4888 - 0?
-4888
In base 3, what is 10021 - -1?
10022
In base 11, what is -777 - 3?
-77a
In base 7, what is 3301 - 3?
3265
In base 16, what is 0 + -3?
-3
In base 15, what is -132 - 1?
-133
In base 14, what is 1 - 41?
-40
In base 8, what is -14 + 1?
-13
In base 2, what is -1000101 - 1001111?
-10010100
In base 13, what is -2 - a3?
-a5
In base 13, what is -2 - -91?
8c
In base 13, what is 26 - -a?
33
In base 11, what is a + 0?
a
In base 2, what is 101 - 1101?
-1000
In base 10, what is 2 + 49?
51
In base 5, what is 20 - 102?
-32
In base 16, what is 5 - b?
-6
In base 8, what is -7 + -576?
-605
In base 11, what is -9 + -17?
-25
In base 16, what is -1 + fe?
fd
In base 5, what is 114 + -3?
111
In base 13, what is 6 - 18c?
-186
In base 9, what is -5 + 6761?
6755
In base 15, what is 502 - 4?
4ed
In base 13, what is 27 - 18?
c
In base 7, what is -20 - 165?
-215
In base 14, what is -4 + 60?
5a
In base 4, what is -3 + -22100?
-22103
In base 6, what is 44 - 3?
41
In base 12, what is 27 - -2?
29
In base 16, what is 118b - -2?
118d
In base 12, what is -1 + 261?
260
In base 16, what is 2 + f4?
f6
In base 7, what is 4624 - 5?
4616
In base 15, what is -11 - c?
-1d
In base 15, what is